s (1 + -24 - -34) + -18 + 14?
7
(-3 + 2 - 9) + (-2 + 10 - -10) + -103
-95
What is -7 + (38 - 19) + -7 - 3?
2
What is the value of 8 - (-11 + -54) - (142 - 143)?
74
46 + 0 + -3 + -11 + 0 + -1511 + 1539
60
-18 + -12 + (74 - 86) + 13 + -2
-31
Calculate -1 + -69 + 3765 + -3675.
20
Evaluate (-2 + -6 + 4 - -10) + 25 + -9 + 26.
48
(-80 - -59) + -39 + (-1 - -4) + -1 + 5
-53
What is (-1 - (7 + -6 + -7)) + (5 - (-10 + -12))?
32
Evaluate -45 + (-25 + -3 - -84) - (-1 + 78).
-66
What is the value of 119 - 100 - (9 + 3 - 4 - -106)?
-95
What is (4 - (-12 - -13)) + 0 + -4 - 13?
-14
What is the value of -117 + -5 - (272 + -355)?
-39
Evaluate 69 + (59 - (-12 + 81) - (-22 + 1 - -2)).
78
Calculate -26 + 71 + -54 + 17 + 38 + 2 + 4.
52
What is the value of (16 - 7) + (-103 - -104) + -37 + -1?
-28
-535 + 445 - (-20 + 11 - -12)
-93
5 + 3 + 1 + 1820 + -1845
-16
Calculate -16 + 3 + -4 - (-13 + 2).
-6
Evaluate 145 + -156 - (-5 - ((1 - 1) + -23 + -36)).
-65
-26 - (16 + -49 + 15) - -13
5
Evaluate -126 - (-57 + (36 - 7) - 18).
-80
-5 + 10 + (1 - (9 - 8)) + 13
18
Evaluate (267 - 280) + 11 + (-7 - 79).
-88
What is the value of 1209 + -1231 + (-4 - (-3 - 26))?
3
What is the value of (26 - (-26 + 51)) + (-7 + 64 - 10)?
48
What is the value of (16 - -1) + -52 + -2 + -27 - 13?
-77
Calculate (-1 - 5) + -93 + 106 - -64 - -8.
79
What is -4 + (2 - (9 + -8 - 7)) + 27 - 2?
29
Evaluate (423 - 348) + -3 + 27.
99
Evaluate (14 - -2) + -15 - (-64 + (-1 - 7)).
73
Evaluate 1918 + -1986 + (41 - 1).
-28
What is (-94 - -107 - -112) + -139?
-14
What is 6 + 39 + -38 + 0 + (-5 - -73)?
75
Evaluate (353 + -324 - (9 - -3)) + -81.
-64
Calculate -29 - (56 + (-184 - -44)).
55
Calculate -35 - -31 - (8 + (-29 - 5)).
22
45 + -121 + 14 + 37
-25
(16 - -1) + 0 - (9 + (-3 - 42) - -33)
20
What is -10 + (-1 - (11 + 67)) + -13 - -12 - -4?
-86
Calculate -9 + -35 + 32 + (1 + -4 - 24).
-39
-11 + -7 + 21 - (-158 - -37)
124
-25 - (11 - (21 + 31) - -23)
-7
Evaluate -2 - ((1 - 0) + 44 + (220 - 207)).
-60
What is the value of -11 + (205 - 202 - (-9 + -1)) + 24?
26
Evaluate -1 - -10 - (96 - 58 - -68).
-97
What is 19 + 2 + 2 + -17 + 6 - 3?
9
Calculate -83 - -79 - ((0 + 0 - (-16 + 12)) + -20).
12
Evaluate ((-171 - -165) + -2 + 0 + 17 - 102) + -9.
-102
Calculate 56 + (5 - 1) + (9 + (-14 - -4) - -1).
60
What is -39 + (91 - 51) + -28?
-27
What is the value of -34 + 70 + -43 + 24?
17
Calculate -7 - (-2 + -14 + 6) - (-15 - (9 + -15)).
12
Calculate 2 + 1 + (-229 - (-367 - -113)).
28
13 + (-8 + 0 - (113 + -132))
24
What is the value of 8 - ((201 - 190) + (2 - (7 + -6)))?
-4
Calculate (-118 - -68 - 101) + 143.
-8
63 - 53 - (-5 - -7 - (5 - -60))
73
What is 14 + -19 + -3 + (68 - -15) + 1 + -7?
69
88 + 0 - (2031 - 1946)
3
What is the value of -17 + 13 + 25 - (18 + (16 - 2))?
-11
Evaluate 181 + -187 - ((6 - 31) + 5) - (2 - 73).
85
What is the value of -20 + -35 + 143 + (-6 - 3) + -19?
60
What is the value of 44 + (0 - (-6 + 2)) + 12 + -6?
54
Evaluate 4 - 56 - 1 - (13 + 30 + -51).
-45
What is (-40 - (4 + -9)) + 7 + (-68 - -61)?
-35
Calculate 145 - 137 - (-42 + 3 + -4).
51
Calculate 2 + -31 - 4 - -9 - (6 + (-11 - 1)).
-18
What is the value of 5 - (-10 + -23) - (0 - (14 + -3))?
49
-354 - -369 - (56 + 3 - -1)
-45
(-4 - (-3 + 0)) + 0 + 3 + (-24099 - -24007)
-90
What is the value of -15 + -3 + 40 + (32 - (-2 - -21))?
35
-107 + 120 + -125 + 97
-15
What is the value of 3 - (-6 + -5) - (67 + -20)?
-33
-18 - ((55 - 52) + (-31 - -9))
1
Evaluate -36 - (-12 + 30 + -30 + (12 - 0) + -1).
-35
Evaluate -606 + 599 - (-6 + -15 + (9 - 5)).
10
Calculate 24 - (-95 + 83 + 3 + -33).
66
What is the value of (53 - (94 + -66)) + -57?
-32
What is -1 - (5 - ((8 - 9) + 17)) - (-2 + -9)?
21
What is the value of (-7 - 7) + -3 + (13 - 1) + -185 + 169?
-21
What is 44 + (-30 - -2 - -20) - 16?
20
What is (9 - -70) + (-127 - -64)?
16
Calculate -44 - (-129 - -74) - (3 + -1 + -12).
21
Calculate 0 + 1 + 11 + (13 - (3 - -7)).
15
Evaluate 2 - -109 - (667 + -595).
39
Calculate (-51 - -27) + -23 - -52.
5
Calculate (77 - -3) + -5197 + 5216.
99
Calculate -108 + 76 - (6 - (7 - 13)).
-44
-69 + (-19 + 21 - -13) + 10
-44
What is the value of -7 - (-112 - 18 - -230)?
-107
What is the value of (-106 - -99) + -10 - (-18 - -1)?
0
What is the value of -225 - -225 - (13 - (-2 - -4)) - (4 + 68)?
-83
What is the value of -20 + 26 + 6 + -4 + 1 + -12 + 125?
122
1 + -2 + 11 + (4 - (-6 - -18)) + 10
12
761 + -833 - (-11 - 2)
-59
What is 65 + 185 + -81 + -69?
100
-5 + -24 + (15 - -13) + 69 + 0 + -3
65
(98 - 85) + (2 - -11) - -17
43
Evaluate (-170 + 165 + (1 - -3) - (-38 + -2)) + 8.
47
What is the value of (0 - 0) + 132 + (-41 - 41)?
50
Calculate 1942 + -1842 + -6 + -57.
37
Calculate -9 - ((-43 - (-6 + (13 - 9))) + -3).
35
Evaluate 14 + (25 - 34 - -6) + -5.
6
Evaluate 14 - (26 - (2 + -10 + -1 + 5 + 0)).
-16
Calculate 6 + -12 + 11 + (22 - (1 - -13)).
13
Calculate 0 + 2 + (-46 - -5) + 45 + -40.
-34
What is 5 - (49 - (-25 + 57))?
-12
3 - 19 - (-289 - -292)
-19
Evaluate (-16 - (-15 + -3)) + -26 - -27.
3
(5 + 2 - ((45 - 6) + -28)) + 12
8
What is (0 + 3 + 27 - (-24 - -14 - -9)) + 3?
34
What is 8 + (17 - (-17 - 23) - (16 - 2))?
51
Calculate -6 - (-18 + (35 - 19) + -7) - -42.
45
What is -11 + -58 + (-1 - (-21 - -17) - (-2 + 8))?
-72
Calculate -76 + (14 - -19) - (-13 + -2 + 2).
-30
Calculate 2 - -4 - (-9 + 61) - (-6 + -2) - 2.
-40
Calculate 5 + 25 + (-11 - (80 + -115)).
54
Calculate (624 - 672) + -1 + 36 + -10.
-23
Evaluate -60 - (-30 - (2 - -27)).
-1
Evaluate -99 - ((54 - 193) + 74).
-34
-32 + -36 + 48 + 12 - (73 - -1)
-82
Calculate -35 + 41 + 4 + -32 + -11 + -1 + -5.
-39
Evaluate (49 - 22) + -18 + -5 - (-59 - -3).
60
What is (13 - -56) + -27 + -53?
-11
Calculate -11 + 172 - 167 - (-84 - (0 + 1)).
79
-22 - (-161 - (-359 - -155))
-65
Evaluate 12 + (15 + 6 + -12 - (-1 + 6)).
16
Evaluate -20 - (-5 + (-4 - -2 - (5 + -14 + 13))).
-9
Calculate (-1 - (3 - 5)) + (-32 - -84 - -16).
69
Calculate 17 + (25 + -9 + (54 - 42) - -11).
56
Calculate (-1 - -83) + 5459 + -5521.
20
Evaluate (0 - -3) + (178 - 196) - (-5 - 117).
107
Evaluate (-8 - (253 + -247 + (-1 - 0))) + -31.
-44
What is -49 + 36 + (-16 - 8) + (-9 - -1 - -1)?
-44
What is the value of 113 + (-3 - ((2 - -10) + 1 + (192 - 214)))?
119
What is the value of (3 - -1) + (-29 - -29) + (0 - 4) + 96?
96
What is -12 + (-48 - 1 - (-16 + 53 + -22))?
-76
(1292 - 1325) + 2 + -19
-50
Calculate (13 - (-4 - -5)) + -4 - 11 - -16.
13
What is the value of 1 + (44 - -7) + -8?
44
Calculate 31 + (-4 - 121) + 135.
41
What is -135 + 101 + -38 + 141?
69
What is (-2 - -1) + 1 - ((-154 - -165) + -54)?
43
Calculate (93 + -94 + 3 + 2 - -30) + 4.
38
Evaluate 68 - (-44 + 25 - 2 - -40).
49
Evaluate 27 + -36 - -20 - 32.
-21
Evaluate 2 + (-22 - (2 + -4)) - (33 + (-28 - 8)).
-15
Calculate (24 - (6 - -23) - (-3 - 2 - 59)) + -10.
49
What is the value of -12 + (98 + -95 - 49)?
-58
What is 2 - (-56 - (26 - 17 - 43))?
24
-4 - (-9 - (7 - 1)) - 0 - 28
-17
What is -23 + 50 + -74 + 48 + (-23 - 0)?
-22
Calculate -7 + -14 - (16 - 17 - (8 - (3 + -2))).
-13
(-61 - (-12 + 9)) + (4 - -7)
-47
What is the value of -35 + 6 + (-30 - (20 - 24))?
-55
What is the value of -31 + (-22 - -45) + -15 + 51?
28
What is 45 - -1 - 44 - (2 + 4)?
-4
Calculate 1 + (11 - 5) + -6 + -1 + (-78 - -160).
82
What is the value of 7 + -11 - (16 + -14 + (4 - -2) + -1)?
-11
What is -32 + (-9 + 1 - (12 + (14 - 34) - 5))?
-27
35 - (27 - 93) - 152
-51
Evaluate 3306 - 3368 - (-4 - 1).
-57
What is the value of (96 + -43 - 37) + -35?
-19
What is 89 - (-171 + 182 + -45 + -6)?
129
What is 1 - 32 - ((0 - 4 - (76 + -84)) + -1)?
-34
What is the value of -67 - (-1 + 17 + -32) - -21 - -1?
-29
Calculate -41 - (-28 - -81) - -33.
-61
-3 - (0 + 4) - (-291 + 307)
-23
(1 - (-7 + (5 - 4) + -7)) + 1 + 0
15
Calculate -56 + (-5 + 22 - 38) - -11.
-66
29 - (13 - -9) - (87 - (14 - 6))
-72
What is 107 + -118 - -98 - 201?
-114
What is the value of -402 - -660 - (3 - -125)?
130
What is the value of -47 + (-71 + 120 - 0)?
2
Evaluate 50 - (41 + -17) - (-3 - 1 - 2).
32
What is the value of 49 - (55 + -35 + -11)?
40
What is the value of 17 - -18 - (-5 + 1 + (-8 - (15 - 31)))?
31
What is the value of -80 + 61 + 13 + -4 + -11?
-21
What is (-89 + 85 - -18) + 66?
80
What is 24 - (68 + -1 - (-570 + 597))?
-16
What is -20 + 0 + 7 + (-35 - -50) + (2 - -41)?
45
Evaluate -85 + 